
{"id":22,"date":"2015-09-20T09:46:05","date_gmt":"2015-09-20T09:46:05","guid":{"rendered":"https:\/\/www.aulastic.com\/blogs2\/conectados\/?page_id=22"},"modified":"2017-09-10T17:24:39","modified_gmt":"2017-09-10T17:24:39","slug":"nuestro-blog","status":"publish","type":"page","link":"https:\/\/www.aulastic.com\/blogs2\/conectados\/","title":{"rendered":""},"content":{"rendered":"<p style=\"text-align: center\"><a href=\"https:\/\/www.aulastic.com\/blogs2\/conectados\/wp-content\/uploads\/sites\/11\/2015\/09\/bienvenidos.jpg\"><img loading=\"lazy\" class=\"alignnone  wp-image-2406\" src=\"https:\/\/www.aulastic.com\/blogs2\/conectados\/wp-content\/uploads\/sites\/11\/2015\/09\/bienvenidos-300x139.jpg\" alt=\"\" width=\"414\" height=\"192\" srcset=\"https:\/\/www.aulastic.com\/blogs2\/conectados\/wp-content\/uploads\/sites\/11\/2015\/09\/bienvenidos-300x139.jpg 300w, https:\/\/www.aulastic.com\/blogs2\/conectados\/wp-content\/uploads\/sites\/11\/2015\/09\/bienvenidos.jpg 693w\" sizes=\"(max-width: 414px) 100vw, 414px\" \/><\/a><\/p>\n<h6 style=\"text-align: justify\"><span style=\"color: #ff6600\">\u00a1Hola chicos y chicas de 5\u00ba!. Este es nuestro blog de clase. En \u00e9l vamos a escribir, poner fotos, grabaciones, trabajos &#8230; y podemos encontrar p\u00e1ginas para trabajar de forma m\u00e1s entretenida.<\/span><\/h6>\n<h6 style=\"text-align: justify\"><span style=\"color: #ff6600\">\u00a1\u00c1nimo y adelante!<\/span><\/h6>\n","protected":false},"excerpt":{"rendered":"<p>\u00a1Hola chicos y chicas de 5\u00ba!. Este es nuestro blog de clase. En \u00e9l vamos a escribir, poner fotos, grabaciones, trabajos &#8230; y podemos encontrar p\u00e1ginas para trabajar de forma m\u00e1s entretenida. \u00a1\u00c1nimo y adelante!<\/p>\n","protected":false},"author":43,"featured_media":33,"parent":0,"menu_order":10,"comment_status":"closed","ping_status":"closed","template":"","meta":[],"_links":{"self":[{"href":"https:\/\/www.aulastic.com\/blogs2\/conectados\/wp-json\/wp\/v2\/pages\/22"}],"collection":[{"href":"https:\/\/www.aulastic.com\/blogs2\/conectados\/wp-json\/wp\/v2\/pages"}],"about":[{"href":"https:\/\/www.aulastic.com\/blogs2\/conectados\/wp-json\/wp\/v2\/types\/page"}],"author":[{"embeddable":true,"href":"https:\/\/www.aulastic.com\/blogs2\/conectados\/wp-json\/wp\/v2\/users\/43"}],"replies":[{"embeddable":true,"href":"https:\/\/www.aulastic.com\/blogs2\/conectados\/wp-json\/wp\/v2\/comments?post=22"}],"version-history":[{"count":94,"href":"https:\/\/www.aulastic.com\/blogs2\/conectados\/wp-json\/wp\/v2\/pages\/22\/revisions"}],"predecessor-version":[{"id":2407,"href":"https:\/\/www.aulastic.com\/blogs2\/conectados\/wp-json\/wp\/v2\/pages\/22\/revisions\/2407"}],"wp:featuredmedia":[{"embeddable":true,"href":"https:\/\/www.aulastic.com\/blogs2\/conectados\/wp-json\/wp\/v2\/media\/33"}],"wp:attachment":[{"href":"https:\/\/www.aulastic.com\/blogs2\/conectados\/wp-json\/wp\/v2\/media?parent=22"}],"curies":[{"name":"wp","href":"https:\/\/api.w.org\/{rel}","templated":true}]}}