
{"id":398,"date":"2017-03-20T13:06:56","date_gmt":"2017-03-20T13:06:56","guid":{"rendered":"https:\/\/www.aulastic.com\/blogs2\/charramos\/?page_id=398"},"modified":"2017-03-24T08:05:23","modified_gmt":"2017-03-24T08:05:23","slug":"dodo-se-esconde-en-una-casita","status":"publish","type":"page","link":"https:\/\/www.aulastic.com\/blogs2\/charramos\/actividades-de-clase\/dodo-se-esconde-en-una-casita\/","title":{"rendered":"Dodo se esconde en una casita"},"content":{"rendered":"<p>Con este juego de cartas, estamos trabajando la expresi\u00f3n, centr\u00e1ndonos en la interrogaci\u00f3n, la afirmaci\u00f3n y la negaci\u00f3n. Con \u00e9l, se desarrollan un mont\u00f3n de estrategias que estimulan, no s\u00f3lo el lenguaje, sino tambi\u00e9n la inteligencia. es un juego divertido y de lo m\u00e1s completo.<\/p>\n<p><iframe loading=\"lazy\" width=\"604\" height=\"340\" src=\"https:\/\/www.youtube.com\/embed\/o0aMgwRIKSA?feature=oembed\" frameborder=\"0\" allowfullscreen><\/iframe><\/p>\n","protected":false},"excerpt":{"rendered":"<p>Con este juego de cartas, estamos trabajando la expresi\u00f3n, centr\u00e1ndonos en la interrogaci\u00f3n, la afirmaci\u00f3n y la negaci\u00f3n. Con \u00e9l, se desarrollan un mont\u00f3n de estrategias que estimulan, no s\u00f3lo el lenguaje, sino tambi\u00e9n la inteligencia. es un juego divertido y de lo m\u00e1s completo.<\/p>\n","protected":false},"author":80,"featured_media":0,"parent":215,"menu_order":0,"comment_status":"closed","ping_status":"closed","template":"","meta":[],"_links":{"self":[{"href":"https:\/\/www.aulastic.com\/blogs2\/charramos\/wp-json\/wp\/v2\/pages\/398"}],"collection":[{"href":"https:\/\/www.aulastic.com\/blogs2\/charramos\/wp-json\/wp\/v2\/pages"}],"about":[{"href":"https:\/\/www.aulastic.com\/blogs2\/charramos\/wp-json\/wp\/v2\/types\/page"}],"author":[{"embeddable":true,"href":"https:\/\/www.aulastic.com\/blogs2\/charramos\/wp-json\/wp\/v2\/users\/80"}],"replies":[{"embeddable":true,"href":"https:\/\/www.aulastic.com\/blogs2\/charramos\/wp-json\/wp\/v2\/comments?post=398"}],"version-history":[{"count":1,"href":"https:\/\/www.aulastic.com\/blogs2\/charramos\/wp-json\/wp\/v2\/pages\/398\/revisions"}],"predecessor-version":[{"id":399,"href":"https:\/\/www.aulastic.com\/blogs2\/charramos\/wp-json\/wp\/v2\/pages\/398\/revisions\/399"}],"up":[{"embeddable":true,"href":"https:\/\/www.aulastic.com\/blogs2\/charramos\/wp-json\/wp\/v2\/pages\/215"}],"wp:attachment":[{"href":"https:\/\/www.aulastic.com\/blogs2\/charramos\/wp-json\/wp\/v2\/media?parent=398"}],"curies":[{"name":"wp","href":"https:\/\/api.w.org\/{rel}","templated":true}]}}